st common divisor of 27226295 and 1535.
1535
Calculate the highest common factor of 4321545 and 732.
183
What is the highest common factor of 14464 and 6416592?
1808
What is the highest common divisor of 89822072 and 472?
472
What is the highest common factor of 232845 and 1762269?
2451
What is the greatest common factor of 372127 and 2345?
7
What is the highest common divisor of 436 and 3938170?
218
What is the greatest common divisor of 239 and 2232977?
239
Calculate the highest common divisor of 1794 and 3386934.
138
What is the greatest common factor of 516 and 4654707?
129
What is the greatest common factor of 42173176 and 71914?
1754
Calculate the highest common factor of 6578 and 65074958.
598
What is the highest common divisor of 187905 and 48975?
15
What is the greatest common factor of 379463 and 700?
7
What is the greatest common divisor of 59354563 and 201?
67
Calculate the highest common factor of 1590160 and 17236.
556
Calculate the greatest common divisor of 16680 and 211165464.
3336
What is the greatest common divisor of 648 and 3542184?
216
What is the highest common factor of 41526 and 620082?
54
What is the greatest common factor of 47025 and 2716620?
285
Calculate the greatest common factor of 2085747860 and 70.
70
Calculate the highest common divisor of 49784 and 319975992.
7112
Calculate the greatest common factor of 10944 and 16785.
9
Calculate the greatest common factor of 1472086 and 20.
2
What is the greatest common factor of 108 and 63258876?
36
Calculate the highest common factor of 2419 and 44010138.
41
What is the highest common factor of 184019 and 2255?
11
Calculate the highest common factor of 215552052 and 248.
124
Calculate the highest common factor of 6440544 and 145332.
396
Calculate the highest common divisor of 9711 and 3437937.
9
Calculate the highest common divisor of 1653 and 5519329.
19
What is the highest common factor of 40 and 133772120?
40
What is the highest common factor of 42908 and 736?
4
What is the greatest common divisor of 6 and 76048770?
6
Calculate the greatest common factor of 93951909 and 696.
87
What is the highest common divisor of 59835 and 55032244?
3989
Calculate the greatest common factor of 391879893 and 19974.
9987
What is the highest common divisor of 31279 and 1023031?
31
Calculate the greatest common factor of 6499 and 6827501.
67
What is the highest common factor of 1958 and 291962?
22
What is the highest common factor of 25263543 and 99?
3
Calculate the greatest common divisor of 254 and 16633571.
127
Calculate the highest common factor of 12289812 and 36.
12
Calculate the highest common factor of 1329909 and 21.
21
What is the highest common factor of 10 and 9141245?
5
Calculate the highest common divisor of 3353785 and 7955.
215
What is the greatest common factor of 15148 and 51996?
28
What is the highest common divisor of 28 and 1292354?
14
What is the highest common factor of 93 and 130081270?
31
Calculate the greatest common divisor of 15765 and 76200.
15
Calculate the greatest common divisor of 590024750 and 125.
125
What is the greatest common factor of 2347030 and 210?
70
Calculate the greatest common factor of 1968 and 17301549.
123
Calculate the greatest common divisor of 1992 and 58695608.
664
Calculate the highest common factor of 1146765 and 105.
15
Calculate the highest common factor of 10 and 6070630.
10
Calculate the highest common divisor of 972114 and 3821506.
2678
Calculate the highest common divisor of 64897 and 965279.
511
Calculate the highest common divisor of 60400848 and 206.
206
What is the greatest common divisor of 61196 and 722?
2
Calculate the highest common divisor of 85 and 455751674.
17
Calculate the highest common factor of 85804708 and 4.
4
What is the greatest common divisor of 567896517 and 965?
193
Calculate the highest common factor of 998350185 and 9210.
4605
What is the highest common factor of 182 and 1213121?
91
Calculate the highest common divisor of 8 and 8682772.
4
Calculate the highest common factor of 2337555 and 935.
55
Calculate the highest common factor of 2685800 and 517400.
2600
Calculate the highest common factor of 197616 and 22356.
276
Calculate the greatest common factor of 3125 and 1096000.
125
Calculate the greatest common divisor of 325 and 45682325.
325
Calculate the greatest common divisor of 30 and 92114070.
30
Calculate the greatest common factor of 42 and 26346.
6
What is the greatest common factor of 987 and 23586621?
141
Calculate the greatest common divisor of 278701461 and 45837.
4167
What is the highest common factor of 123 and 546363868?
41
What is the greatest common divisor of 52345150 and 100?
50
What is the greatest common divisor of 915151608 and 252?
252
Calculate the highest common factor of 1252655 and 30970.
815
Calculate the highest common divisor of 1260521 and 2241.
83
What is the highest common divisor of 102 and 31510112?
34
What is the greatest common factor of 39553 and 16243?
37
What is the highest common factor of 394218809 and 2973?
991
What is the greatest common factor of 55770 and 54015?
195
Calculate the greatest common factor of 15177 and 16.
1
What is the greatest common divisor of 2166625 and 500?
125
Calculate the greatest common factor of 438 and 19596339.
219
Calculate the highest common factor of 144 and 47819696.
16
What is the highest common factor of 4909960 and 15400?
440
Calculate the highest common divisor of 2225465 and 204035.
215
Calculate the highest common divisor of 3561 and 157359.
3
Calculate the highest common factor of 9702 and 521906.
154
What is the highest common divisor of 82953024 and 7192?
248
Calculate the greatest common factor of 656 and 33761776.
16
What is the highest common divisor of 16821 and 85967?
7
Calculate the highest common factor of 2652 and 134758.
26
What is the greatest common divisor of 4337266 and 13850?
554
What is the highest common factor of 23982 and 130998?
42
What is the highest common factor of 10520722 and 5831?
17
Calculate the highest common divisor of 2630 and 11630386.
526
Calculate the greatest common factor of 34079611 and 4437.
493
What is the highest common factor of 2135575455 and 390?
195
Calculate the greatest common divisor of 73458 and 39941.
11
What is the greatest common factor of 12863 and 298557?
677
What is the highest common factor of 13 and 2490520903?
13
What is the highest common divisor of 21 and 527072?
7
What is the greatest common factor of 1029 and 329721?
147
What is the greatest common factor of 129774485 and 2765?
395
Calculate the highest common divisor of 8479758 and 148470.
4242
What is the highest common divisor of 10200 and 8185800?
600
Calculate the greatest common factor of 1948 and 55316869.
487
What is the greatest common factor of 161110557 and 342?
171
Calculate the greatest common factor of 144984 and 532392.
168
Calculate the greatest common divisor of 16 and 824108.
4
What is the highest common factor of 184331 and 52187359?
10843
What is the highest common divisor of 244550679 and 3123?
1041
What is the greatest common factor of 91 and 163393867?
91
What is the greatest common divisor of 34556703 and 1410?
141
What is the highest common factor of 12 and 53688528?
12
What is the highest common divisor of 870 and 3626914?
58
What is the greatest common factor of 60 and 2675060?
20
What is the greatest common factor of 44 and 22892804?
44
Calculate the greatest common factor of 145862220 and 2940.
2940
What is the highest common factor of 424 and 184436?
4
Calculate the highest common factor of 4610212 and 552.
92
What is the highest common factor of 3149517 and 18753?
987
What is the greatest common divisor of 84 and 15132831?
21
What is the greatest common divisor of 122674 and 138693?
83
What is the highest common divisor of 1421554 and 562?
2
Calculate the greatest common divisor of 2851719 and 117.
39
Calculate the greatest common divisor of 142710528 and 104.
8
Calculate the greatest common divisor of 162 and 58447413.
81
What is the greatest common factor of 20423 and 5343?
13
Calculate the highest common factor of 341 and 23489444.
341
What is the highest common factor of 1184 and 1045033032?
296
What is the highest common divisor of 84529 and 5?
1
What is the highest co